{"id":25445,"date":"2026-04-10T12:22:54","date_gmt":"2026-04-10T12:22:54","guid":{"rendered":"https:\/\/sara-beauty.de\/?page_id=25445"},"modified":"2026-04-15T10:36:28","modified_gmt":"2026-04-15T10:36:28","slug":"datenschutz","status":"publish","type":"page","link":"https:\/\/sara-beauty.de\/?page_id=25445","title":{"rendered":"Datenschutz"},"content":{"rendered":"\t\t<div data-elementor-type=\"wp-page\" data-elementor-id=\"25445\" class=\"elementor elementor-25445\">\n\t\t\t\t<div class=\"elementor-element elementor-element-2945e9f e-flex e-con-boxed e-con e-parent\" data-id=\"2945e9f\" data-element_type=\"container\" data-e-type=\"container\" data-settings=\"{&quot;background_background&quot;:&quot;classic&quot;}\">\n\t\t\t\t\t<div class=\"e-con-inner\">\n\t\t<div class=\"elementor-element elementor-element-c537b62 e-con-full e-flex e-con e-child\" data-id=\"c537b62\" data-element_type=\"container\" data-e-type=\"container\">\n\t\t<div class=\"elementor-element elementor-element-6668ab5 e-con-full e-flex e-con e-child\" data-id=\"6668ab5\" data-element_type=\"container\" data-e-type=\"container\">\n\t\t\t\t<div class=\"elementor-element elementor-element-0df5323 elementor-widget elementor-widget-iheading\" data-id=\"0df5323\" data-element_type=\"widget\" data-e-type=\"widget\" data-widget_type=\"iheading.default\">\n\t\t\t\t<div class=\"elementor-widget-container\">\n\t\t\t\t\t\t\t<div class=\"xp-heading\">\r\n\t        \t        <h2 class=\"main-head\">Datenschutz<\/h2>\t    <\/div>\r\n\t    \t\t\t\t<\/div>\n\t\t\t\t<\/div>\n\t\t\t\t<\/div>\n\t\t\t\t<\/div>\n\t\t\t\t\t<\/div>\n\t\t\t\t<\/div>\n\t\t<div class=\"elementor-element elementor-element-5aaafa4b e-flex e-con-boxed e-con e-parent\" data-id=\"5aaafa4b\" data-element_type=\"container\" data-e-type=\"container\">\n\t\t\t\t\t<div class=\"e-con-inner\">\n\t\t\t\t<div class=\"elementor-element elementor-element-d534ed8 elementor-widget elementor-widget-spacer\" data-id=\"d534ed8\" data-element_type=\"widget\" data-e-type=\"widget\" data-widget_type=\"spacer.default\">\n\t\t\t\t\t\t\t<div class=\"elementor-spacer\">\n\t\t\t<div class=\"elementor-spacer-inner\"><\/div>\n\t\t<\/div>\n\t\t\t\t\t\t<\/div>\n\t\t\t\t<div class=\"elementor-element elementor-element-625a944e elementor-widget elementor-widget-text-editor\" data-id=\"625a944e\" data-element_type=\"widget\" data-e-type=\"widget\" data-widget_type=\"text-editor.default\">\n\t\t\t\t\t\t\t\t\t<h3>Datenschutz<\/h3>\n<p><!-- \/wp:heading --><!-- wp:paragraph --><\/p>\n<p>Als Anbieter unserer Dienste und Produkte ebenso wie als Betreiber unserer Webseiten kommen wir zwingend mit Ihren personenbezogenen Daten in Kontakt.<\/p>\n<p>Gem\u00e4\u00df Artikel 12 der Datenschutzgrundverordnung (DSGVO) informieren wir in dieser Datenschutzerkl\u00e4rung transparent, leicht verf\u00fcgbar und in m\u00f6glichst einfacher Sprache zu welchem Zweck, in welchem Umfang und auf welcher Grundlage ihre Daten erhoben werden.<\/p>\n<p>Verantwortlich f\u00fcr die Datenverarbeitung innerhalb des Unternehmens Sara Beauty ist Sara Drkzanle, Burgstra\u00dfe 78, 60389 Frankfurt am Main. F\u00fcr Fragen bez\u00fcglich der Datenschutzerkl\u00e4rung erreichen Sie uns unter\u00a0<a href=\"mailto:info@sara-beauty.de\">info@sara-beauty.de<\/a>.<\/p>\n<p>Allgemeine Infos und Begriffe Externe Links und Drittanbieter:<br \/>Speziell in den digitalen Kan\u00e4len wie Webseiten verlinkt unser Unternehmen zu den Diensten und Angeboten Dritter. Die hier geschriebene Datenschutzerkl\u00e4rung gilt ausdr\u00fccklich nicht daf\u00fcr, wie externe Drittanbieter personenbezogene Daten spezifizieren oder verwenden. Wir empfehlen Ihnen daher die Datenschutzrichtlinien von Drittanbietern zu lesen und sich mit Ihren Datenschutzrechten vertraut zu machen bevor Sie mit den verlinkten Diensten in irgendeiner Form interagieren.<\/p>\n<p>Bereitstellung von Daten durch Sie:<br \/>Sie sind nicht verpflichtet, die von uns angeforderten Daten zur Verf\u00fcgung zu stellen sofern daf\u00fcr keine gesetzliche oder vertragliche Grundlage besteht. In konkreten F\u00e4llen, wie etwa der Kontaktanfrage oder Aus\u00fcbung unserer Dienstleistungen sind wir jedoch bei Ausbleiben der Bereitstellung der n\u00f6tigen Daten nicht in der Lage Ihnen unsere Dienste und Produkte zur Verf\u00fcgung zu stellen oder auf Ihre Anliegen zu reagieren.<\/p>\n<p>Pers\u00f6nliche Daten &#8211; Begriffserkl\u00e4rung:<br \/>Um die Datenschutzerkl\u00e4rung optimal verstehen zu k\u00f6nnen ist es n\u00f6tig, den Begriff der \u201epersonenbezogenen Daten\u201c zu kennen. Personenbezogene Daten sind Daten, welche eine spezifische Person direkt oder indirekt identifizieren k\u00f6nnen oder mit dieser bereits verkn\u00fcpft beziehungsweise verkn\u00fcpfbar sind. Das bedeutet, dass sowohl Daten welche direkten R\u00fcckschluss auf Ihre Identit\u00e4t zulassen, etwa Ihr Name oder Ihre Adresse als auch Daten die indirekten R\u00fcckschluss auf Ihre Person zulassen, wie etwa die IP-Adresse Ihres Endger\u00e4ts verwendet werden k\u00f6nnen.<\/p>\n<p>Speicherdauer und Sicherheit &#8211; Speicherdauer Ihrer Daten:<br \/>Im Zuge der Datenschutzerkl\u00e4rung werden wir Sie \u00fcber die Speicherdauer Ihrer jeweiligen Daten informieren, welche durch uns oder in unserem Auftrag verarbeitet werden. Wenn eine solche Angabe fehlt, speichern wir die jeweiligen Daten bis der Zweck der Datenverarbeitung entf\u00e4llt oder Sie von Ihren Rechten gebrauch machen welche gesondert in einem Abschnitt der Datenschutzerkl\u00e4rung beschrieben werden.<\/p>\n<p>Im Falle eines Widerspruchs im Sinne von Art. 21 DSGVO d\u00fcrfen wir die jeweiligen Daten dennoch weiterhin verarbeiten wenn mindestens eine der folgenden Voraussetzungen aus dem Absatz 2 im Kapitel \u201eIhre Rechte\u201c erf\u00fcllt ist.<\/p>\n<p>Sicherungsma\u00dfnahmen Ihrer Daten:<br \/>Bei der Interaktion und Datenverarbeitung \u00fcber das Internet m\u00fcssen Sie immer davon ausgehen dass unberechtigte Dritte Zugriff auf Ihre Daten durch illegale Aktivit\u00e4ten wie Hacks erlangen k\u00f6nnten. Einen vollst\u00e4ndigen Schutz vor solchen Angriffen wie zum Beispiel in Form von Hacks kann generell nicht garantiert werden. Wir treffen jedoch administrative, technische sowie organisatorische Ma\u00dfnahen, um ihre Daten vor einem solchen Zugriff zu sch\u00fctzen.<\/p>\n<p>Ein Teil dieses Schutzes ist die Sicherung ihrer Daten mittels geeigneter SSL-Verschl\u00fcsselung. Diesen Schutz erkennen Sie daran, dass innerhalb der Suchleiste der g\u00e4ngigen Browseranbieter ein Schloss-Symbol zu sehen ist und die Adresszeilen unserer Webseiten mit https:\/\/ beginnen. Dieses Hyper Text Transfer Protocol (HTTPS) oder Transport Layer Security (TLS) beziehungsweise die Verschl\u00fcsselungstechnik hinter diesen Technologien sorgt daf\u00fcr, dass die \u00dcbermittlung von Daten zwischen Ihrem Endger\u00e4t und unserer Webadresse gesch\u00fctzt wird.<\/p>\n<p>Grundlagen der Datenverarbeitung<br \/>Wir verwenden personenbezogene Daten um Ihnen unsere Dienste und Produkte in gewohnter Qualit\u00e4t bereitzustellen, mit Ihnen zu kommunizieren, die Sicherheit unserer Angebote zu gew\u00e4hrleisten sowie zur Betrugsbek\u00e4mpfung und Einhaltung von Gesetzen.<\/p>\n<p>Die Grundlage, auf welcher wir Daten erheben und verarbeiten unterscheiden sich je nach einzelnen Anwendungsfall voneinander. Um eine m\u00f6glichst \u00fcbersichtliche und intuitive Darstellung der Gr\u00fcnde zur Datenverarbeitung zu schaffen f\u00fchren wir im Folgenden die einzelnen gesetzlichen Grundlagen auf welche im Verlauf der Datenschutzerkl\u00e4rung zur Anwendung kommen.<\/p>\n<p>Grundlage 1:<br \/>Die Verarbeitung der Daten ist nach Art. 6 Abs. 1 lit. C DSGVO f\u00fcr die Erf\u00fcllung rechtlicher Verpflichtungen erforderlich. Dazu z\u00e4hlen prim\u00e4r gesetzliche Aufbewahrungsfristen aber auch die Aus\u00fcbung und das Vertreten von Rechtsanspr\u00fcchen.<\/p>\n<p>Grundlage 2:<br \/>Die Verarbeitung der Daten ist nach Art. 6 Abs. 1 lit. B DSGVO f\u00fcr die Erf\u00fcllung eines Vertrags mit Ihnen oder zur Durchf\u00fchrung vorvertraglicher Ma\u00dfnahmen erforderlich, die auf ihre Anfrage zur\u00fcck gehen. Dazu z\u00e4hlen im Allgemeinen die Kommunikation f\u00fcr (potenzielle) Auftr\u00e4ge und Projekte, die damit verbundene Akquise sowie organisatorische und administrative Aufgaben.<\/p>\n<p>Grundlage 3:<br \/>Die Verarbeitung der Daten ist nach Art. 6 Abs. 1 lit. F DSGVO f\u00fcr die Wahrnehmung berechtigter Interessen von unserem Unternehmen oder eines Dritten erforderlich, sofern diese nicht die Interessen oder Grundrechte, Grundfreiheiten und Schutz personenbezogener Daten \u00fcberwiegen.<\/p>\n<p>Grundlage 4:<br \/>Sie haben uns nach Art. 6 Abs. 1 lit. A DSGVO die ausdr\u00fcckliche Einwilligung zur Datenverarbeitung f\u00fcr einen oder mehrere Zwecke gegeben. Dies ist beispielsweise der Fall, wenn Sie explizit den Erhalt von Werbematerialien in Form eines Newsletters w\u00fcnschen oder die Cookie-Richtlinien akzeptieren.<\/p>\n<p>Dar\u00fcber hinaus k\u00f6nnen auch in einzelnen speziellen Ausnahmef\u00e4llen weitere Grundlagen zur Datenverarbeitung gem\u00e4\u00df Art. 6 Abs. 1 lit. D und E vorliegen, wenn beispielsweise eine lebensgef\u00e4hrliche Situation vorliegt oder wir im Auftrag \u00f6ffentlicher Stellen bzw. im Interesse der \u00d6ffentlichkeit Aufgaben ausf\u00fchren w\u00fcrden.<\/p>\n<p>Ihre Rechte<br \/>Wir bieten Ihnen die M\u00f6glichkeit \u00fcber Ihre Daten zu verf\u00fcgen und diese beispielsweise l\u00f6schen oder ab\u00e4ndern zu lassen. Dies k\u00f6nnte im Kontext einer Namens\u00e4nderung oder eines Umzugs von Relevanz f\u00fcr Sie sein. Um von den folgenden Datenschutzrechten Gebrauch zu machen, k\u00f6nnen Sie ihre jeweilige Anfrage an die in der Einleitung genannte Kontaktstelle von uns senden.<\/p>\n<p>Eine Anfrage oder ein Widerspruchserkl\u00e4rung, welche sich auf die Verarbeitung ihrer Daten bezieht kann ferner abgelehnt werden, wenn die Verarbeitung der Daten gem\u00e4\u00df Art. 6 Abs. 1 lit. C DSGVO zur Erf\u00fcllung einer rechtlichen Verpflichtung erforderlich ist, die Verarbreitung der Daten gem\u00e4\u00df Art. 6 Abs. 1 lit. D DSGVO zur Wahrung und zum Schutz lebenswichtiger Interessen und Pflichten von nat\u00fcrlichen Personen n\u00f6tig ist, die Verarbeitung der Daten gem\u00e4\u00df Art. 6 Abs. 1 lit. E zur Wahrnehmung einer Aufgabe erforderlich ist, welche im \u00f6ffentlichen Interesse liegt oder unter der Aus\u00fcbung \u00f6ffentlicher Gewalt erfolgt oder die Daten zur Geltendmachung, Aus\u00fcbung oder Verteidigung von Rechtsanspr\u00fcchen verwendet werden.<\/p>\n<p>Diese Einschr\u00e4nkungen gelten im Sinne von Art. 21 Abs. 2 DSGVO nicht f\u00fcr den Widerspruch im Bezug auf Direktwerbung.<\/p>\n<p>Widerruf der Einwilligung zur Datenverarbeitung:<br \/>Bei manchen Angeboten wie beispielsweise Kontaktformularen best\u00e4tigen Sie durch Akzeptieren der Datenschutzerkl\u00e4rung mittels Feldmarkierung, dass wir die von Ihnen zur Verf\u00fcgung gestellten Daten verarbeiten d\u00fcrfen. Nach Artikel 7 Abs. 3 DSGVO k\u00f6nnen Sie Ihre Einwilligung zur Datenverarbeitung jederzeit und ohne Angabe von Gr\u00fcnden widerrufen.<\/p>\n<p>Recht auf Datenauskunft, -l\u00f6schung und -berichtigung:<br \/>Nach Art. 15 DSGVO bieten wir Ihnen unentgeltlich Auskunft \u00fcber die von uns verwendeten und gespeicherten personenbezogenen Daten an. Au\u00dferdem legen wir offen, woher die Daten kommen, zu welchem Zweck diese gespeichert wurden und ob und an wen diese Daten \u00fcbermittelt werden. Sollten die in der Auskunft enthaltene Daten Fehler, wie beispielsweise inkorrekte Namen oder Adressen aufweisen, haben Sie nach Artikel 16 DSGVO das Recht auf Berichtigung sowie nach Vorgaben des Artikel 17 DSGVO ein Recht auf L\u00f6schung der Daten.<\/p>\n<p>Recht auf Einschr\u00e4nkung der Verarbeitung:<br \/>Eine Einschr\u00e4nkung der Datenverarbeitung gem\u00e4\u00df Artikel 18 DSGVO kann von Ihrer Seite in bestimmten Situationen gefordert werden. Es gelten weiterhin die in der Einleitung definierten Kriterien zur Ablehnung solcher Datenschutzanfragen.<\/p>\n<p>Recht auf Daten\u00fcbertragbarkeit:<br \/>Auf Verlangen sind wir gem\u00e4\u00df Art. 20 DSGVO dazu verpflichtet Ihnen die von uns gespeicherten Daten in einem strukturierten, g\u00e4ngigen und maschinenlesbaren Format zu \u00fcbertragen.<\/p>\n<p>Recht auf Beschwerde bei einer zust\u00e4ndigen Aufsichtsbeh\u00f6rde:<br \/>Wenn Sie mit dem Umgang Ihrer Daten durch uns nicht zufrieden sind oder unsere Antwort auf Ihre Beschwerde nicht gerechtfertigt finden, haben Sie die M\u00f6glichkeit eine Beschwerde bei der zust\u00e4ndigen Aufsichtsbeh\u00f6rde nach Art. 77 DSGVO einzureichen. Welche Aufsichtsbeh\u00f6rde f\u00fcr die Beschwerde zust\u00e4ndig ist, ergibt sich aus dem Aufenthaltsort und\/oder dem Ort an welchem der mutma\u00dfliche Versto\u00df stattgefunden hat.<\/p>\n<p>Daten\u00fcbertragung an Dritte<br \/>Unser Unternehmen kann personenbezogene Daten, im Rahmen der Bereitstellung unserer Dienste und Produkte, an Erf\u00fcllungsgehilfen, Partnerunternehmen und sonstige Parteien oder Personen, welche in unserem und\/oder Ihrem Auftrag zum Zwecke des Gewerbebetriebs handeln, weitergeben. Dabei werden die personenbezogenen Daten nicht f\u00fcr Werbezwecke der beteiligten dritten Partei verwendet.<\/p>\n<p>Bei der Bereitstellung und Durchf\u00fchrung unserer Dienste, Produkte und Angebote, insbesondere unserer Webseiten, greifen wir auf Tools von Unternehmen zur\u00fcck, welche Daten au\u00dferhalb der Europ\u00e4ischen Union verarbeiten, speichern und dorthin \u00fcbermitteln. Dies ist f\u00fcr Sie als Nutzer von Relevanz, da in den USA andere gesetzliche Datenschutzrichtlinien gelten als diese der Europ\u00e4ischen Union. Dies erm\u00f6glicht es den dort ans\u00e4ssigen Sicherheitsbeh\u00f6rden und Regierungsorganen, wie beispielsweise Nachrichtendiensten, pers\u00f6nliche Informationen abzufragen ohne dass Sie als Tr\u00e4ger der Daten einen gerichtlichen Anspruch auf Unterlassung, Anfechtung, Widerspruch oder \u00e4hnliche Verfahren haben. Auf die beschriebenen Verarbeitungst\u00e4tigkeiten haben wir als Unternehmen keinen Einfluss.<\/p>\n<p>Hosting, Website und E-Mail &#8211; Externes Hosting:<br \/>Um unsere Dienste und Produkte im berechtigten Interesse des Gesch\u00e4ftsbetriebs zu vertreiben und \u00fcber diese informieren zu k\u00f6nnen, sowie um mit Kunden und Interessenten in Kontakt zu treten, betreiben wir unsere Webseiten auf Basis der Grundlagen 2 und 3. Durch Abfragen der Webseiten wird der entsprechende Webinhalt von den Servern unseres Hostinganbieters abgerufen. Im Zuge des externen Hostings liegt die Webseite auf einem oder mehreren Servern des folgenden Hostinganbieters, um optimale Verf\u00fcgbarkeit unserer Onlinepr\u00e4senz zu gew\u00e4hrleisten. Der Hostinganbieter speichert personenbezogene Daten unserer Webseitenbesucher, wie IP-Adresse, abgerufene Seite, Zeitpunkt des Abrufes, sowie Kommunikationsdaten. Bei der \u00dcbertragung dieser Daten in die USA unterliegen diese dem Privacy Shield, wozu Sie das jeweilige Teilnehmerzertifikat unter https:\/\/www.privacyshield.gov\/ps\/participant?id=a2zt0000000GnbGAAS&amp;status=Active abrufen k\u00f6nnen. Mit dem Hostinganbietet wurde zudem ein Auftragsverarbeitungsvertrag (Data Processing Agreement) geschlossen.<\/p>\n<p>Die E-Mail Postf\u00e4cher und Domain der Webseiten sind \u00fcber den Hostinganbieter IONOS SE, Elgendorfer Stra\u00dfe 57, 65710 Montabaur, Deutschland regisitriert. Bei der Kommunikation wird die Datenverarbeitung von Kontaktdaten und Inhalt \u00fcber die Server des Hostinganbieters auf Basis von Grundlage 2 und 4 verarbeitet und gespeichert.<\/p>\n<p>Kontaktformular &amp; E-Mail Kommunikation:<br \/>Wir bieten unseren Kunden, Interessenten und Besuchern der Webseiten die M\u00f6glichkeit mittels Kontaktformular und E-Mail mit dem Unternehmen in Kontakt zu treten. Bei Verwendung dieser Kommunikationswege speichern wir die zwingend notwendigen Angaben, wie Absenderadresse und die potenziell abgegeben Informationen, wie Kontaktdaten und Nachrichteninhalt auf Basis von Grundlage 2 oder alternativ auf Basis von Grundlage 3.<\/p>\n<p>Verwendung von Cookies<br \/>Bei erstmaligem Aufrufen der Webseiten haben Sie die M\u00f6glichkeit \u00fcber die Verwendung von Cookies mittels des Cookie-Consent Banners zu entscheiden. Cookies sind kleine Textdateien, welche beim Besuch auf Ihrem Endger\u00e4t gespeichert werden. Cookies erm\u00f6glichen das Nutzen unserer Webseiten auf personalisierte und individuelle Art und Weise. Cookies helfen uns zudem zu verstehen, wie und in welchem Umfang unsere Webseiten genutzt werden und helfen uns die Wirksamkeit von Marketing und Webseitenstruktur zu messen und geben uns Einblicke in das Benutzerverhalten, sodass wir unsere Kommunikation und unsere Dienstleistungen und Produkte optimieren k\u00f6nnen.<\/p>\n<p>Wenn Sie Cookies im Safari-Webbrowser deaktivieren oder einschr\u00e4nken m\u00f6chten, k\u00f6nnen Sie dies \u00fcber Einstellungen \u00bb Datenschutz \u00bb Erweiterte Einstellungen \u00bb Cookies blockieren. Wenn sie Cookies im Chrome-Webbrowser deaktivieren oder einschr\u00e4nken m\u00f6chten k\u00f6nnen Sie \u00fcber Einstellungen \u00bb Datenschutz und Sicherheit \u00bb die entsprechende Auswahl treffen.<\/p>\n<p>Die auf unseren Webseiten verwendeten Cookies wurden in 4 Kategorien eingeteilt und unterscheiden sich untereinander bez\u00fcglich ihrer Eigenschaften und ihrem Zweck.<\/p>\n<p>Kategorie 1 \u2013 Unbedingt erforderliche Cookies:<br \/>Diese Cookies werden verwendet, um die Sicherheit der Website zu gew\u00e4hrleisten, dem System anzuzeigen von welchem System die Webseite gerendert wurde, zur System\u00fcberwachung und Fehlerbehebung, zur Identit\u00e4tspr\u00fcfung und zum Netzwerkmanagement. Aufgrund ihrer essenziellen Funktionen k\u00f6nnen diese Art von Cookies daher nicht deaktiviert werden.<\/p>\n<p>Kategorie 2 \u2013 Cookies f\u00fcr Marketingzwecke:<br \/>Diese Cookies sammeln auf Basis von Grundlage 4 Informationen dar\u00fcber, wie Sie unsere Webseiten verwenden, um so herauszufinden, wie das Marketing und die Werbung auf unsere Besucher wirken. Dies erm\u00f6glicht es, personalisierte Inhalte f\u00fcr die Besucher bereitzustellen. Dadurch steigern wir die Effektivit\u00e4t und die Benutzeranpassung auf der Webseite.<\/p>\n<p>Kategorie 3 \u2013 F\u00fcr die Funktionalit\u00e4t relevante Cookies:<br \/>Diese Cookies erm\u00f6glichen es unseren Webseiten sich auf Basis von Grundlage 4 an die zuvor beim Surfen getroffene benutzerspezifische Auswahl zu erinnern. Wir k\u00f6nnen beispielsweise die geografische Position in einem Cookie speichern, um sicherzustellen, dass wir Ihnen die Website anzeigen, die f\u00fcr das entsprechende Land des Abrufs lokalisiert ist. Wir k\u00f6nnen uns auch Einstellungen merken, wie etwa Textgr\u00f6\u00dfe, Schriften und andere anpassbare Elemente unserer Webseiten. Diese Cookies k\u00f6nnen auch verwendet werden, um zu verfolgen, welche vorgestellten Seiten vom Besucher bereits aufgerufen wurden, um Wiederholungen zu vermeiden. Die Informationen, die diese Cookies sammeln, lassen keine R\u00fcckschl\u00fcsse auf die Person zu und k\u00f6nnen die Surfaktivit\u00e4ten auf Webseiten, die nicht von unserem Unternehmen stammen, nicht verfolgen. Diese Cookies dienen demnach der F\u00f6rderung eines angenehmen Nutzererlebnisses auf unseren Webseiten welches wir im Sinne des Unternehmens und dessen Interessenten und Kunden verbessern m\u00f6chten.<\/p>\n<p>Kategorie 4 \u2013 Analytische Cookies:<br \/>Diese Cookies sammeln auf Basis von Grundlage 4 Informationen dar\u00fcber, wie Sie unsere Webseiten verwenden und analysieren dieses Verhalten, um die Produkte und Dienstleistungen zu verbessern. Dazu z\u00e4hlen unter anderem, welche Seiten am h\u00e4ufigsten besucht werden, wieviele der Besucher erstmalig oder wiederkehrend auf den Webseiten waren, welche Ger\u00e4teart f\u00fcr den Webseitenaufruf verwendet wurde, aus welcher Region der Webseitenaufruf get\u00e4tigt wurde oder wie lange das Laden der Webseiten gedauert hat. Diese Daten k\u00f6nnen uns dabei helfen, unsere Webseiten zu optimieren und die Navigation zu vereinfachen. Dadurch k\u00f6nnen wir beispielsweise leistungsorientierte Fehler unserer Website erkennen und schneller beheben. Diese Cookies werden auch verwendet, um Partnern mitzuteilen, ob Sie \u00fcber eine Partner-Webseite auf unsere Webseite gelangt sind. Diese Cookies sammeln keine Informationen, die Sie direkt pers\u00f6nlich identifizieren. Wir unternehmen zudem keinen Versuch Sie, aufgrund des Kontexts dieser Daten, in irgendeiner Form pers\u00f6nlich zu identifizieren.<br \/>Datenerhebung Pers\u00f6nlich und Telefon<br \/>Um mit uns in Kontakt zu treten, Vertragsgegenst\u00e4nde zu besprechen oder sonstige Kommunikation zu pflegen, k\u00f6nnen Sie uns \u00fcber Telefon oder auch pers\u00f6nlich, wie beispielsweise in Meetings kontaktieren. Dabei k\u00f6nnen wir auf Basis von Grundlage 2 sowie Grundlage 3 den gew\u00e4hlten Kommunikationsweg, die get\u00e4tigten Kontaktdaten, sowie die Nachricht oder enthaltene Information speichern. Dies dient der Beantwortung der Kontaktdaten, sowie der etweigen Bearbeitung zuk\u00fcnftiger Anfragen, welche im Bezug zur Anfrage stehen k\u00f6nnen.<\/p>\n<p>Fragen zum Datenschutz<br \/>Wenn Sie Fragen bez\u00fcglich der Datenschutzrichtlinie haben, einschlie\u00dflich der F\u00e4lle, in denen ein Drittanbieter in unserem Namen handelt, k\u00f6nnen Sie uns unter info@sara-beauty.de kontaktieren, sodass wir uns Ihrem Anliegen optimal widmen k\u00f6nnen.<\/p>\n<p>In den meisten F\u00e4llen erhalten alle konkreten Kontaktanfragen innerhalb einer Werkswoche eine Antwort. In anderen F\u00e4llen ben\u00f6tigen wir m\u00f6glicherweise zus\u00e4tzliche Informationen oder teilen Ihnen mit, dass unsere Antwort mehr Zeit in Anspruch nimmt.<\/p>\n<p>Wenn Sie in Ihrer Nachricht darauf hinweisen, dass wir den Umgang mit Datenschutzthemen verbessern k\u00f6nnten, werden wir entsprechende Schritte unternehmen, um dies bei der n\u00e4chstm\u00f6glichen Gelegenheit umzusetzen.<\/p>\n<p><!-- \/wp:paragraph --><!-- wp:paragraph --><!-- \/wp:paragraph --><\/p>\t\t\t\t\t\t\t\t<\/div>\n\t\t\t\t<div class=\"elementor-element elementor-element-62ab1f1 elementor-widget elementor-widget-spacer\" data-id=\"62ab1f1\" data-element_type=\"widget\" data-e-type=\"widget\" data-widget_type=\"spacer.default\">\n\t\t\t\t\t\t\t<div class=\"elementor-spacer\">\n\t\t\t<div class=\"elementor-spacer-inner\"><\/div>\n\t\t<\/div>\n\t\t\t\t\t\t<\/div>\n\t\t\t\t\t<\/div>\n\t\t\t\t<\/div>\n\t\t\t\t<\/div>\n\t\t","protected":false},"excerpt":{"rendered":"<p>Datenschutz Datenschutz Als Anbieter unserer Dienste und Produkte ebenso wie als Betreiber unserer Webseiten kommen wir zwingend mit Ihren personenbezogenen Daten in Kontakt. Gem\u00e4\u00df Artikel 12 der Datenschutzgrundverordnung (DSGVO) informieren wir in dieser Datenschutzerkl\u00e4rung transparent, leicht verf\u00fcgbar und in m\u00f6glichst einfacher Sprache zu welchem Zweck, in welchem Umfang und auf welcher Grundlage ihre Daten erhoben [&hellip;]<\/p>\n","protected":false},"author":1,"featured_media":0,"parent":0,"menu_order":0,"comment_status":"closed","ping_status":"closed","template":"","meta":{"footnotes":""},"class_list":["post-25445","page","type-page","status-publish","hentry"],"_links":{"self":[{"href":"https:\/\/sara-beauty.de\/index.php?rest_route=\/wp\/v2\/pages\/25445","targetHints":{"allow":["GET"]}}],"collection":[{"href":"https:\/\/sara-beauty.de\/index.php?rest_route=\/wp\/v2\/pages"}],"about":[{"href":"https:\/\/sara-beauty.de\/index.php?rest_route=\/wp\/v2\/types\/page"}],"author":[{"embeddable":true,"href":"https:\/\/sara-beauty.de\/index.php?rest_route=\/wp\/v2\/users\/1"}],"replies":[{"embeddable":true,"href":"https:\/\/sara-beauty.de\/index.php?rest_route=%2Fwp%2Fv2%2Fcomments&post=25445"}],"version-history":[{"count":8,"href":"https:\/\/sara-beauty.de\/index.php?rest_route=\/wp\/v2\/pages\/25445\/revisions"}],"predecessor-version":[{"id":25883,"href":"https:\/\/sara-beauty.de\/index.php?rest_route=\/wp\/v2\/pages\/25445\/revisions\/25883"}],"wp:attachment":[{"href":"https:\/\/sara-beauty.de\/index.php?rest_route=%2Fwp%2Fv2%2Fmedia&parent=25445"}],"curies":[{"name":"wp","href":"https:\/\/api.w.org\/{rel}","templated":true}]}}